{"id":84,"date":"2024-06-15T21:55:14","date_gmt":"2024-06-15T19:55:14","guid":{"rendered":"https:\/\/collectposter.fr\/?page_id=84"},"modified":"2024-10-24T04:33:11","modified_gmt":"2024-10-24T02:33:11","slug":"affiches","status":"publish","type":"page","link":"https:\/\/collectposter.fr\/","title":{"rendered":"AFFICHES"},"content":{"rendered":"\t\t<div data-elementor-type=\"wp-page\" data-elementor-id=\"84\" class=\"elementor elementor-84\" data-elementor-post-type=\"page\">\n\t\t\t\t<div class=\"elementor-element elementor-element-40a9b758 e-flex e-con-boxed e-con e-parent\" data-id=\"40a9b758\" data-element_type=\"container\" data-e-type=\"container\">\n\t\t\t\t\t<div class=\"e-con-inner\">\n\t\t\t\t<div class=\"elementor-element elementor-element-105a7fa0 elementor-widget elementor-widget-text-editor\" data-id=\"105a7fa0\" data-element_type=\"widget\" data-e-type=\"widget\" data-widget_type=\"text-editor.default\">\n\t\t\t\t<div class=\"elementor-widget-container\">\n\t\t\t\t\t\t\t\t\t\n<p>Cin\u00e9ma<\/p>\n\n\n\n<p>Publicit\u00e9<\/p>\n\n\n\n<p>Tourisme<\/p>\n\n\n\n<p>Paysage<\/p>\n\n\n\n<p>Nature<\/p>\n\n\n\n<p>Dimension<\/p>\n\t\t\t\t\t\t\t\t<\/div>\n\t\t\t\t<\/div>\n\t\t\t\t\t<\/div>\n\t\t\t\t<\/div>\n\t\t<div class=\"elementor-element elementor-element-b515c52 e-flex e-con-boxed e-con e-parent\" data-id=\"b515c52\" data-element_type=\"container\" data-e-type=\"container\">\n\t\t\t\t\t<div class=\"e-con-inner\">\n\t\t<div class=\"elementor-element elementor-element-4c05930 e-con-full e-flex e-con e-child\" data-id=\"4c05930\" data-element_type=\"container\" data-e-type=\"container\">\n\t\t\t\t<\/div>\n\t\t\t\t<div class=\"elementor-element elementor-element-a95671b elementor-widget__width-inherit elementor-widget elementor-widget-heading\" data-id=\"a95671b\" data-element_type=\"widget\" data-e-type=\"widget\" data-widget_type=\"heading.default\">\n\t\t\t\t<div class=\"elementor-widget-container\">\n\t\t\t\t\t<h2 class=\"elementor-heading-title elementor-size-default\">Affiche de cin\u00e9ma<\/h2>\t\t\t\t<\/div>\n\t\t\t\t<\/div>\n\t\t\t\t\t<\/div>\n\t\t\t\t<\/div>\n\t\t<div class=\"elementor-element elementor-element-0dbe9e0 e-flex e-con-boxed e-con e-parent\" data-id=\"0dbe9e0\" data-element_type=\"container\" data-e-type=\"container\">\n\t\t\t\t\t<div class=\"e-con-inner\">\n\t\t\t\t<div class=\"elementor-element elementor-element-a9a9e54 elementor-widget elementor-widget-image\" data-id=\"a9a9e54\" data-element_type=\"widget\" data-e-type=\"widget\" data-widget_type=\"image.default\">\n\t\t\t\t<div class=\"elementor-widget-container\">\n\t\t\t\t\t\t\t\t\t\t\t\t\t\t\t<img fetchpriority=\"high\" decoding=\"async\" width=\"800\" height=\"155\" src=\"https:\/\/collectposter.fr\/wp-content\/uploads\/2024\/06\/cropped-Bandeau-1_cr-e1718597119336-1-1024x199.jpg\" class=\"attachment-large size-large wp-image-220\" alt=\"\" srcset=\"https:\/\/collectposter.fr\/wp-content\/uploads\/2024\/06\/cropped-Bandeau-1_cr-e1718597119336-1-1024x199.jpg 1024w, https:\/\/collectposter.fr\/wp-content\/uploads\/2024\/06\/cropped-Bandeau-1_cr-e1718597119336-1-600x116.jpg 600w, https:\/\/collectposter.fr\/wp-content\/uploads\/2024\/06\/cropped-Bandeau-1_cr-e1718597119336-1-300x58.jpg 300w, https:\/\/collectposter.fr\/wp-content\/uploads\/2024\/06\/cropped-Bandeau-1_cr-e1718597119336-1-768x149.jpg 768w, https:\/\/collectposter.fr\/wp-content\/uploads\/2024\/06\/cropped-Bandeau-1_cr-e1718597119336-1-1320x256.jpg 1320w, https:\/\/collectposter.fr\/wp-content\/uploads\/2024\/06\/cropped-Bandeau-1_cr-e1718597119336-1.jpg 1500w\" sizes=\"(max-width: 800px) 100vw, 800px\" \/>\t\t\t\t\t\t\t\t\t\t\t\t\t\t\t<\/div>\n\t\t\t\t<\/div>\n\t\t\t\t\t<\/div>\n\t\t\t\t<\/div>\n\t\t\t\t<\/div>\n\t\t","protected":false},"excerpt":{"rendered":"<p>Cin\u00e9ma Publicit\u00e9 Tourisme Paysage Nature Dimension Affiche de cin\u00e9ma<\/p>\n","protected":false},"author":1,"featured_media":0,"parent":0,"menu_order":0,"comment_status":"closed","ping_status":"closed","template":"","meta":{"footnotes":""},"class_list":["post-84","page","type-page","status-publish","hentry"],"_links":{"self":[{"href":"https:\/\/collectposter.fr\/index.php\/wp-json\/wp\/v2\/pages\/84","targetHints":{"allow":["GET"]}}],"collection":[{"href":"https:\/\/collectposter.fr\/index.php\/wp-json\/wp\/v2\/pages"}],"about":[{"href":"https:\/\/collectposter.fr\/index.php\/wp-json\/wp\/v2\/types\/page"}],"author":[{"embeddable":true,"href":"https:\/\/collectposter.fr\/index.php\/wp-json\/wp\/v2\/users\/1"}],"replies":[{"embeddable":true,"href":"https:\/\/collectposter.fr\/index.php\/wp-json\/wp\/v2\/comments?post=84"}],"version-history":[{"count":7,"href":"https:\/\/collectposter.fr\/index.php\/wp-json\/wp\/v2\/pages\/84\/revisions"}],"predecessor-version":[{"id":450,"href":"https:\/\/collectposter.fr\/index.php\/wp-json\/wp\/v2\/pages\/84\/revisions\/450"}],"wp:attachment":[{"href":"https:\/\/collectposter.fr\/index.php\/wp-json\/wp\/v2\/media?parent=84"}],"curies":[{"name":"wp","href":"https:\/\/api.w.org\/{rel}","templated":true}]}}