{"id":160,"date":"2024-06-17T22:58:18","date_gmt":"2024-06-17T20:58:18","guid":{"rendered":"https:\/\/collectposter.fr\/?page_id=160"},"modified":"2024-06-17T22:58:18","modified_gmt":"2024-06-17T20:58:18","slug":"histoire-et-actualite","status":"publish","type":"page","link":"https:\/\/collectposter.fr\/index.php\/photographies\/histoire-et-actualite\/","title":{"rendered":"HISTOIRE ET ACTUALITE"},"content":{"rendered":"\n<p>Histoire &amp; Actualit\u00e9<\/p>\n\n\n\n<figure class=\"wp-block-image size-full\"><img fetchpriority=\"high\" decoding=\"async\" width=\"470\" height=\"470\" src=\"http:\/\/collectposter.fr\/wp-content\/uploads\/2024\/06\/une-image.bmp\" alt=\"\" class=\"wp-image-161\" srcset=\"https:\/\/collectposter.fr\/wp-content\/uploads\/2024\/06\/une-image.bmp 470w, https:\/\/collectposter.fr\/wp-content\/uploads\/2024\/06\/une-image-300x300.jpg 300w, https:\/\/collectposter.fr\/wp-content\/uploads\/2024\/06\/une-image-100x100.jpg 100w, https:\/\/collectposter.fr\/wp-content\/uploads\/2024\/06\/une-image-150x150.jpg 150w\" sizes=\"(max-width: 470px) 100vw, 470px\" \/><\/figure>\n\n\n\n<p>Les photographies de collection pr\u00e9sent\u00e9es ici vous emm\u00e8nent d\u2019un point \u00e0 un autre de l\u2019Histoire moderne et de ses Actualit\u00e9s. De la seconde moiti\u00e9 du XIXe si\u00e8cle \u00e0 nos jours, la Photographie s\u2019est impos\u00e9e comme le fid\u00e8le t\u00e9moin du temps. En noir et blanc ou en couleurs, ses tirages vintages nous aident dans notre effort de m\u00e9moire. Sur le terrain de la guerre comme sur l\u2019\u00e9chiquier politique ou dans la rue, la photographie a sa discipline et ses disciples : le photojournalisme et ses photo-reporters.<\/p>\n\n\n\n<p>300,00\u20ac<\/p>\n\n\n\n<pre class=\"wp-block-code\"><code>Date : 1965\nPhotographe : n. d.\nType : tirage argentique noir et blanc\nEtat : bon. Pli dans le coin sup\u00e9rieur droit\nDimensions : 18\u00d724 cm<\/code><\/pre>\n\n\n\n<p>N on, cette photographie de la guerre du Vi\u00eat Nam n\u2019est pas une sc\u00e8ne de film. C\u2019est m\u00eame plut\u00f4t ce genre de photo qui a inspir\u00e9 les cin\u00e9astes pour raconter leurs histoires de guerre, \u00e0 commencer par Francis Ford Coppola pour Apocalypse Now (1979).<\/p>\n\n\n\n<p>Malgr\u00e9 tout, la confusion entre sc\u00e8ne d\u2019actualit\u00e9 et sc\u00e8ne de film n\u2019est pas \u00e9tonnante quand on regarde cette photographie. Son auteur a su tirer partie d\u2019une composition qui n\u2019a rien \u00e0 envier au cin\u00e9ma. O\u00f9 l\u2019on verrait presque les \u00e9l\u00e9ments de cette image entrer en mouvement dans une mise en sc\u00e8ne dramatiquement esth\u00e9tique.<br>Embl\u00e9matique de la guerre du Vi\u00eat Nam<\/p>\n\n\n\n<p>Cette photo n\u2019est pas cr\u00e9dit\u00e9e. N\u00e9anmoins, l\u2019origine fran\u00e7aise du tirage peut laisser supposer que cette sc\u00e8ne a \u00e9t\u00e9 immortalis\u00e9e par un photoreporter fran\u00e7ais, envoy\u00e9 sp\u00e9cial au Vi\u00eat Nam. Nous sommes en 1965, et cette ann\u00e9e-l\u00e0, les Am\u00e9ricains d\u00e9cident de mettre le paquet pour combattre le Vietcong communiste.<\/p>\n\n\n\n<p>Ils sont alors nombreux ces photographes \u00e0 risquer leur vie pour couvrir l\u2019escalade guerri\u00e8re. Parmi les Fran\u00e7ais, on citera en particulier Henri Huet, pr\u00e9sent cette ann\u00e9e l\u00e0 sur le terrain d\u2019op\u00e9rations.<\/p>\n\n\n\n<p>Quel que soit l\u2019auteur, cette photographie fait incontestablement partie du portfolio embl\u00e9matique de la guerre du Vi\u00eat Nam. Les herbes hautes, les GI\u2019s \u00e9quip\u00e9s et casqu\u00e9s, et ces fameux h\u00e9licopt\u00e8res Bell UH-1H Huey\u2026 Un d\u00e9cor bien r\u00e9el qui rappelle que la guerre n\u2019est pas du cin\u00e9ma.<\/p>\n","protected":false},"excerpt":{"rendered":"<p>Histoire &amp; Actualit\u00e9 Les photographies de collection pr\u00e9sent\u00e9es ici vous emm\u00e8nent d\u2019un point \u00e0 un autre de l\u2019Histoire moderne et de ses Actualit\u00e9s. De la seconde moiti\u00e9 du XIXe si\u00e8cle \u00e0 nos jours, la Photographie s\u2019est impos\u00e9e comme le fid\u00e8le t\u00e9moin du temps. En noir et blanc ou en couleurs, ses tirages vintages nous aident [&hellip;]<\/p>\n","protected":false},"author":1,"featured_media":0,"parent":90,"menu_order":2,"comment_status":"closed","ping_status":"closed","template":"","meta":{"footnotes":""},"class_list":["post-160","page","type-page","status-publish","hentry"],"_links":{"self":[{"href":"https:\/\/collectposter.fr\/index.php\/wp-json\/wp\/v2\/pages\/160","targetHints":{"allow":["GET"]}}],"collection":[{"href":"https:\/\/collectposter.fr\/index.php\/wp-json\/wp\/v2\/pages"}],"about":[{"href":"https:\/\/collectposter.fr\/index.php\/wp-json\/wp\/v2\/types\/page"}],"author":[{"embeddable":true,"href":"https:\/\/collectposter.fr\/index.php\/wp-json\/wp\/v2\/users\/1"}],"replies":[{"embeddable":true,"href":"https:\/\/collectposter.fr\/index.php\/wp-json\/wp\/v2\/comments?post=160"}],"version-history":[{"count":1,"href":"https:\/\/collectposter.fr\/index.php\/wp-json\/wp\/v2\/pages\/160\/revisions"}],"predecessor-version":[{"id":162,"href":"https:\/\/collectposter.fr\/index.php\/wp-json\/wp\/v2\/pages\/160\/revisions\/162"}],"up":[{"embeddable":true,"href":"https:\/\/collectposter.fr\/index.php\/wp-json\/wp\/v2\/pages\/90"}],"wp:attachment":[{"href":"https:\/\/collectposter.fr\/index.php\/wp-json\/wp\/v2\/media?parent=160"}],"curies":[{"name":"wp","href":"https:\/\/api.w.org\/{rel}","templated":true}]}}